{"id":86,"date":"2024-10-16T20:40:30","date_gmt":"2024-10-16T20:40:30","guid":{"rendered":"https:\/\/messebusse.de\/?page_id=86"},"modified":"2024-10-19T12:19:12","modified_gmt":"2024-10-19T12:19:12","slug":"unternehmen","status":"publish","type":"page","link":"https:\/\/messebusse.de\/index.php\/unternehmen\/","title":{"rendered":"L\u00f6sungen f\u00fcr Messestandorte seit 1975"},"content":{"rendered":"\n<div style=\"height:100px\" aria-hidden=\"true\" class=\"wp-block-spacer\"><\/div>\n\n\n\n<h2 class=\"wp-block-heading\">short facts zum Unternehmen<\/h2>\n\n\n\n<ul class=\"wp-block-list\">\n<li>Seit 1975 Partner der gro\u00dfen Messestandorte<\/li>\n\n\n\n<li>Mehr als 35 Jahre Erfahrungen in der Personenbef\u00f6rderung OHNE Personensch\u00e4den<\/li>\n\n\n\n<li>Erfahrenes und qualifiziertes Transportpersonal mit dauerhafter Schulung<\/li>\n\n\n\n<li>schnell \u2013 problemlos \u2013 zuverl\u00e4ssig<\/li>\n\n\n\n<li>Mehr als 6 moderne Mercedes-Busse sorgen f\u00fcr eine hohe Einsatzbereitschaft<\/li>\n\n\n\n<li>Spezielle Angebote zur werblichen Nutzung<\/li>\n\n\n\n<li>Au\u00dfenwerbung<\/li>\n\n\n\n<li>Hohe Aufnahmebereitschaft der Passagiere f\u00fcr werbliche Botschaften w\u00e4hrend des Transportes<\/li>\n\n\n\n<li>Kurze Wege \u2013 der direkte Draht zum \u201eChef\u201c<\/li>\n\n\n\n<li>Sonderfahrten vor und nach den Hauptmessezeiten<\/li>\n\n\n\n<li>Shuttle\u2010Fahrten in Auf\u2010 und Abbauphasen\/Handwerkertransporte<\/li>\n\n\n\n<li>Pendelverkehr\/Sonderfahrten f\u00fcr Veranstaltungen au\u00dferhalb der offiziellen Messe\u00f6ffnungszeiten<\/li>\n\n\n\n<li>Modernste Fahrzeuge f\u00fcr Behindertentransporte<\/li>\n<\/ul>\n\n\n\n<p><\/p>\n","protected":false},"excerpt":{"rendered":"<p>Inhabergef\u00fchrt seit 1975, mehr als 35 Jahre Erfahrung und Sinn f\u00fcr Neues. Fakten zum Unternehmen<\/p>\n","protected":false},"author":1,"featured_media":176,"parent":0,"menu_order":0,"comment_status":"closed","ping_status":"closed","template":"","meta":{"footnotes":""},"class_list":["post-86","page","type-page","status-publish","has-post-thumbnail","hentry"],"_links":{"self":[{"href":"https:\/\/messebusse.de\/index.php\/wp-json\/wp\/v2\/pages\/86","targetHints":{"allow":["GET"]}}],"collection":[{"href":"https:\/\/messebusse.de\/index.php\/wp-json\/wp\/v2\/pages"}],"about":[{"href":"https:\/\/messebusse.de\/index.php\/wp-json\/wp\/v2\/types\/page"}],"author":[{"embeddable":true,"href":"https:\/\/messebusse.de\/index.php\/wp-json\/wp\/v2\/users\/1"}],"replies":[{"embeddable":true,"href":"https:\/\/messebusse.de\/index.php\/wp-json\/wp\/v2\/comments?post=86"}],"version-history":[{"count":5,"href":"https:\/\/messebusse.de\/index.php\/wp-json\/wp\/v2\/pages\/86\/revisions"}],"predecessor-version":[{"id":180,"href":"https:\/\/messebusse.de\/index.php\/wp-json\/wp\/v2\/pages\/86\/revisions\/180"}],"wp:featuredmedia":[{"embeddable":true,"href":"https:\/\/messebusse.de\/index.php\/wp-json\/wp\/v2\/media\/176"}],"wp:attachment":[{"href":"https:\/\/messebusse.de\/index.php\/wp-json\/wp\/v2\/media?parent=86"}],"curies":[{"name":"wp","href":"https:\/\/api.w.org\/{rel}","templated":true}]}}

Lösungen für Messestandorte seit 1975

<div style="height:100px" aria-hidden="true" class="wp-block-spacer"></div>



<h2 class="wp-block-heading">short facts zum Unternehmen</h2>



<ul class="wp-block-list">
<li>Seit 1975 Partner der großen Messestandorte</li>



<li>Mehr als 35 Jahre Erfahrungen in der Personenbeförderung OHNE Personenschäden</li>



<li>Erfahrenes und qualifiziertes Transportpersonal mit dauerhafter Schulung</li>



<li>schnell – problemlos – zuverlässig</li>



<li>Mehr als 6 moderne Mercedes-Busse sorgen für eine hohe Einsatzbereitschaft</li>



<li>Spezielle Angebote zur werblichen Nutzung</li>



<li>Außenwerbung</li>



<li>Hohe Aufnahmebereitschaft der Passagiere für werbliche Botschaften während des Transportes</li>



<li>Kurze Wege – der direkte Draht zum „Chef“</li>



<li>Sonderfahrten vor und nach den Hauptmessezeiten</li>



<li>Shuttle‐Fahrten in Auf‐ und Abbauphasen/Handwerkertransporte</li>



<li>Pendelverkehr/Sonderfahrten für Veranstaltungen außerhalb der offiziellen Messeöffnungszeiten</li>



<li>Modernste Fahrzeuge für Behindertentransporte</li>
</ul>



<p></p>

<p>Inhabergeführt seit 1975, mehr als 35 Jahre Erfahrung und Sinn für Neues. Fakten zum Unternehmen</p>
